{"id":250,"date":"2018-05-15T11:47:03","date_gmt":"2018-05-15T09:47:03","guid":{"rendered":"http:\/\/etoile-filante.biz\/?page_id=250"},"modified":"2018-05-15T16:57:37","modified_gmt":"2018-05-15T14:57:37","slug":"leau-potable","status":"publish","type":"page","link":"https:\/\/etoile-filante.biz\/?page_id=250","title":{"rendered":"L&#8217;eau potable"},"content":{"rendered":"<div class=\"pbs-main-wrapper\"><p><strong>L&#8217;eau potable \u00e0 bord du bateau<\/strong> est tr\u00e8s importante il il faut bien la g\u00e9rer car:<\/p>\n<p style=\"text-align: center;\">La quantit\u00e9 disponible est limit\u00e9 et il faut veiller \u00e0 l&#8217;\u00e9conomiser.<\/p>\n<p style=\"text-align: center;\">La qualit\u00e9 de l&#8217;eau varie d&#8217;une r\u00e9gion \u00e0 l&#8217;autre.<\/p>\n<p style=\"text-align: center;\">L&#8217;\u00e9toile filante est dot\u00e9 de quatre r\u00e9servoirs s\u00e9par\u00e9s ouvrables s\u00e9par\u00e9ment par des vannes afin d&#8217;alimenter une pompe \u00e9lectrique de mise sous pression.<\/p>\n<p><img loading=\"lazy\" class=\"aligncenter size-medium wp-image-277\" src=\"http:\/\/etoile-filante.biz\/wp-content\/uploads\/2018\/05\/Vannes-r\u00e9servoirs-300x169.jpg\" alt=\"\" width=\"300\" height=\"169\" srcset=\"https:\/\/etoile-filante.biz\/wp-content\/uploads\/2018\/05\/Vannes-r\u00e9servoirs-300x169.jpg 300w, https:\/\/etoile-filante.biz\/wp-content\/uploads\/2018\/05\/Vannes-r\u00e9servoirs-768x432.jpg 768w, https:\/\/etoile-filante.biz\/wp-content\/uploads\/2018\/05\/Vannes-r\u00e9servoirs-1024x576.jpg 1024w\" sizes=\"(max-width: 300px) 100vw, 300px\" \/><\/p>\n<p style=\"text-align: center;\">Avant:\u00a0 \u00a0136 litres<br \/>\nB\u00e2bord:\u00a0 \u00a093 litres<br \/>\nTribord:\u00a0 \u00a098 litres<br \/>\nArri\u00e8re:\u00a0 146 litres<\/p>\n<p style=\"text-align: center;\">Soit un total de 473 litres<\/p>\n<p style=\"text-align: center;\">Au remplissage l&#8217;eau est filtr\u00e9 \u00e0 5 microns. Cette eau est utilis\u00e9 pour les soins corporels, la vaisselle et la lessive et l&#8217;eau \u00e0 cuire.<\/p>\n<p><img loading=\"lazy\" class=\"aligncenter size-medium wp-image-272\" src=\"http:\/\/etoile-filante.biz\/wp-content\/uploads\/2018\/05\/Pr\u00e9filtre-5-microns-300x169.jpg\" alt=\"\" width=\"300\" height=\"169\" srcset=\"https:\/\/etoile-filante.biz\/wp-content\/uploads\/2018\/05\/Pr\u00e9filtre-5-microns-300x169.jpg 300w, https:\/\/etoile-filante.biz\/wp-content\/uploads\/2018\/05\/Pr\u00e9filtre-5-microns-768x432.jpg 768w, https:\/\/etoile-filante.biz\/wp-content\/uploads\/2018\/05\/Pr\u00e9filtre-5-microns-1024x576.jpg 1024w\" sizes=\"(max-width: 300px) 100vw, 300px\" \/><\/p>\n<p>&nbsp;<\/p>\n<p style=\"text-align: center;\">Un syst\u00e8me suppl\u00e9mentaire de filtrage de deux cartouches soit:<br \/>\n1 micron et Hydropure Clara \u00e0 fibres creuses permets de supprimer, selon le tableau, les particules n\u00e9fastes<\/p>\n<p><img loading=\"lazy\" class=\"wp-image-270 alignleft\" src=\"http:\/\/etoile-filante.biz\/wp-content\/uploads\/2018\/05\/2018-05-15-14_29_02-Cartouche-Hydropure-CLARA-avec-fibres-creuses-234x300.jpg\" alt=\"\" width=\"264\" height=\"339\" srcset=\"https:\/\/etoile-filante.biz\/wp-content\/uploads\/2018\/05\/2018-05-15-14_29_02-Cartouche-Hydropure-CLARA-avec-fibres-creuses-234x300.jpg 234w, https:\/\/etoile-filante.biz\/wp-content\/uploads\/2018\/05\/2018-05-15-14_29_02-Cartouche-Hydropure-CLARA-avec-fibres-creuses.jpg 401w\" sizes=\"(max-width: 264px) 100vw, 264px\" \/><\/p>\n<p>et cr\u00e9er ainsi une eau potable.<\/p>\n<p>Donc plus n\u00e9cessaire de charger des bouteilles plastiques etc.<\/p>\n<p><img loading=\"lazy\" class=\"size-medium wp-image-271\" src=\"http:\/\/etoile-filante.biz\/wp-content\/uploads\/2018\/05\/Filtres-eau-potable-169x300.jpg\" alt=\"\" width=\"169\" height=\"300\" srcset=\"https:\/\/etoile-filante.biz\/wp-content\/uploads\/2018\/05\/Filtres-eau-potable-169x300.jpg 169w, https:\/\/etoile-filante.biz\/wp-content\/uploads\/2018\/05\/Filtres-eau-potable-768x1366.jpg 768w, https:\/\/etoile-filante.biz\/wp-content\/uploads\/2018\/05\/Filtres-eau-potable-576x1024.jpg 576w\" sizes=\"(max-width: 169px) 100vw, 169px\" \/><\/p>\n<p>&nbsp;<\/p>\n<p style=\"text-align: center;\">Afin de contr\u00f4ler l&#8217;\u00e9tat de remplissage des r\u00e9servoirs chacun est dot\u00e9 d&#8217;un d\u00e9bitm\u00e8tre \u00e0 h\u00e9lice<\/p>\n<p><img loading=\"lazy\" class=\"aligncenter size-medium wp-image-275\" src=\"http:\/\/etoile-filante.biz\/wp-content\/uploads\/2018\/05\/Afficheur-capa-eau-300x169.jpg\" alt=\"\" width=\"300\" height=\"169\" srcset=\"https:\/\/etoile-filante.biz\/wp-content\/uploads\/2018\/05\/Afficheur-capa-eau-300x169.jpg 300w, https:\/\/etoile-filante.biz\/wp-content\/uploads\/2018\/05\/Afficheur-capa-eau-768x432.jpg 768w, https:\/\/etoile-filante.biz\/wp-content\/uploads\/2018\/05\/Afficheur-capa-eau-1024x576.jpg 1024w\" sizes=\"(max-width: 300px) 100vw, 300px\" \/><\/p>\n<p>&nbsp;<\/p>\n<p>&nbsp;<\/p>\n<p style=\"text-align: center;\">Au cas ou nous aurions plus d&#8217;eau, un d\u00e9salinateur Katadyn PowerSurvivor 160E de 25 litres\/ heure permets de cr\u00e9er une eau potable \u00e0 partir de l&#8217;eau de mer.<br \/>\nIl s&#8217;agit d&#8217;une technologie d&#8217;osmose invers\u00e9 relativement gourmande en \u00e9nergie \u00e9lectrique 18 amp \/ 12V<\/p>\n<p style=\"text-align: center;\">Avant d&#8217;injecter l&#8217;eau dans un r\u00e9servoir de 50 litres attribu\u00e9 au d\u00e9ssalinateur une mesure de la qualit\u00e9 de l&#8217;eau est faite \u00e0 l&#8217;aide d&#8217;un testeur, puis l&#8217;eau est goutt\u00e9.<\/p>\n<p><img loading=\"lazy\" class=\"size-medium wp-image-273 alignleft\" src=\"http:\/\/etoile-filante.biz\/wp-content\/uploads\/2018\/05\/D\u00e9salinateur-300x169.jpg\" alt=\"\" width=\"300\" height=\"169\" srcset=\"https:\/\/etoile-filante.biz\/wp-content\/uploads\/2018\/05\/D\u00e9salinateur-300x169.jpg 300w, https:\/\/etoile-filante.biz\/wp-content\/uploads\/2018\/05\/D\u00e9salinateur-768x432.jpg 768w, https:\/\/etoile-filante.biz\/wp-content\/uploads\/2018\/05\/D\u00e9salinateur-1024x576.jpg 1024w\" sizes=\"(max-width: 300px) 100vw, 300px\" \/> <img loading=\"lazy\" class=\"aligncenter size-medium wp-image-274\" src=\"http:\/\/etoile-filante.biz\/wp-content\/uploads\/2018\/05\/Membranne-d\u00e9salinateur-300x169.jpg\" alt=\"\" width=\"300\" height=\"169\" srcset=\"https:\/\/etoile-filante.biz\/wp-content\/uploads\/2018\/05\/Membranne-d\u00e9salinateur-300x169.jpg 300w, https:\/\/etoile-filante.biz\/wp-content\/uploads\/2018\/05\/Membranne-d\u00e9salinateur-768x432.jpg 768w, https:\/\/etoile-filante.biz\/wp-content\/uploads\/2018\/05\/Membranne-d\u00e9salinateur-1024x576.jpg 1024w\" sizes=\"(max-width: 300px) 100vw, 300px\" \/><\/p>\n<p>Osmose inverse lien:<\/p>\n<p><a href=\"https:\/\/fr.wikipedia.org\/wiki\/Osmose_inverse\" xlink=\"href\">https:\/\/fr.wikipedia.org\/wiki\/Osmose_inverse<\/a><\/p>\n<p>&nbsp;<\/p>\n<p style=\"text-align: center;\">Voici la robinetterie de la cambuse<\/p>\n<p><img loading=\"lazy\" class=\"aligncenter size-medium wp-image-276\" src=\"http:\/\/etoile-filante.biz\/wp-content\/uploads\/2018\/05\/Robinetterie-300x169.jpg\" alt=\"\" width=\"300\" height=\"169\" srcset=\"https:\/\/etoile-filante.biz\/wp-content\/uploads\/2018\/05\/Robinetterie-300x169.jpg 300w, https:\/\/etoile-filante.biz\/wp-content\/uploads\/2018\/05\/Robinetterie-768x432.jpg 768w, https:\/\/etoile-filante.biz\/wp-content\/uploads\/2018\/05\/Robinetterie-1024x576.jpg 1024w\" sizes=\"(max-width: 300px) 100vw, 300px\" \/><\/p>\n<\/div>","protected":false},"excerpt":{"rendered":"<p>L&#8217;eau potable \u00e0 bord du bateau est tr\u00e8s importante il il faut bien la g\u00e9rer car: La quantit\u00e9 disponible est limit\u00e9 et il faut veiller \u00e0 l&#8217;\u00e9conomiser. La qualit\u00e9 de l&#8217;eau varie d&#8217;une r\u00e9gion \u00e0 l&#8217;autre. L&#8217;\u00e9toile filante est dot\u00e9 de quatre r\u00e9servoirs s\u00e9par\u00e9s ouvrables s\u00e9par\u00e9ment par des vannes afin d&#8217;alimenter une pompe \u00e9lectrique de &hellip; <\/p>\n","protected":false},"author":1,"featured_media":0,"parent":95,"menu_order":0,"comment_status":"closed","ping_status":"closed","template":"","meta":[],"_links":{"self":[{"href":"https:\/\/etoile-filante.biz\/index.php?rest_route=\/wp\/v2\/pages\/250"}],"collection":[{"href":"https:\/\/etoile-filante.biz\/index.php?rest_route=\/wp\/v2\/pages"}],"about":[{"href":"https:\/\/etoile-filante.biz\/index.php?rest_route=\/wp\/v2\/types\/page"}],"author":[{"embeddable":true,"href":"https:\/\/etoile-filante.biz\/index.php?rest_route=\/wp\/v2\/users\/1"}],"replies":[{"embeddable":true,"href":"https:\/\/etoile-filante.biz\/index.php?rest_route=%2Fwp%2Fv2%2Fcomments&post=250"}],"version-history":[{"count":10,"href":"https:\/\/etoile-filante.biz\/index.php?rest_route=\/wp\/v2\/pages\/250\/revisions"}],"predecessor-version":[{"id":283,"href":"https:\/\/etoile-filante.biz\/index.php?rest_route=\/wp\/v2\/pages\/250\/revisions\/283"}],"up":[{"embeddable":true,"href":"https:\/\/etoile-filante.biz\/index.php?rest_route=\/wp\/v2\/pages\/95"}],"wp:attachment":[{"href":"https:\/\/etoile-filante.biz\/index.php?rest_route=%2Fwp%2Fv2%2Fmedia&parent=250"}],"curies":[{"name":"wp","href":"https:\/\/api.w.org\/{rel}","templated":true}]}}